*i - 5*i = -u. What is the units digit of i?
6
Let i(u) = -16*u + 31. What is the units digit of i(-9)?
5
Suppose 2*c - 8 + 0 = 0. Suppose -76 = -4*j + 3*v - 25, 0 = c*v + 20. What is the units digit of j?
9
Suppose 2*l = 6, 3*w - 5*l - 412 - 242 = 0. What is the units digit of w?
3
Let b be (-1)/3 + 44/6. What is the tens digit of (1/2)/(b/182)?
1
Let b = 5 + -1. Let k = 17 + -14. Suppose -1 + b = k*z. What is the units digit of z?
1
Let l = -19 + 43. What is the units digit of l?
4
Let p(j) = j**2 - 2*j + 4. Let u(o) = -o**2 + 4*o - 7. Let h(d) = 5*p(d) + 3*u(d). Let s be h(-2). Suppose -s + 9 = 3*f. What is the units digit of f?
2
Suppose 4*p = -2 - 2. Let a be (-1 - 1)/(-2) + -5. What is the units digit of -2*(-2)/a*p?
1
Let r = -5 + 2. What is the units digit of ((-1)/r)/(2/48)?
8
Suppose -6*s + 9*s = 270. What is the tens digit of s?
9
Suppose 3*v - 540 = -2*v. What is the tens digit of v?
0
What is the units digit of 219/9 + 2/(-6)?
4
Let s be 22/(-4) + 1/2. What is the units digit of s - -2 - (-6 + -1)?
4
Let b = -63 - -145. What is the tens digit of b?
8
Let z be (-1)/((-1)/4 - 0). Suppose -2*y = -z*y + 24. What is the tens digit of y?
1
Let x(f) be the third derivative of -f**4/12 + 3*f**3/2 + 4*f**2. Let p be x(7). Let l = -4 - p. What is the units digit of l?
1
Suppose 4*p - 9*p + 100 = 0. What is the tens digit of ((-3)/6)/((-1)/p)?
1
Suppose 150 = 4*j + 3*o, 5*o + 166 = -0*j + 4*j. Let z = j - 10. What is the tens digit of z?
2
What is the units digit of 260/30*((-7)/(-2) + 1)?
9
Let m be (4/6)/((-1)/(-9)). Suppose -2*c = -3*y + 20, -4*y = -c + m*c - 65. What is the tens digit of y?
1
Suppose -24 = -4*y + 4*b, y - 9 = 2*y + 4*b. Suppose 5*u - 2 = 5*x + y, 4*x - 2 = 2*u. What is the units digit of x?
2
Let b(l) = l**3 - l - 1. Suppose -10 = 5*z - 3*i + 8*i, -2*z + 16 = -3*i. What is the units digit of b(z)?
5
Let v(y) = y**3 + 1. Let g be v(1). What is the tens digit of 4/(g/(10/1))?
2
Suppose -i - w = -4, -2*i - 2*i + 7 = -5*w. Let l(g) = -i*g + 3*g + 4*g**2 + 2 + 0 - g. What is the tens digit of l(2)?
1
Suppose j + 413 = 3*k + 6*j, 5*k - 2*j = 740. What is the units digit of k?
6
Let m(t) = t - 5. Let x be m(9). Let k be ((-6)/8)/(x/(-160)). Suppose 5*g + k = y + 5, 2*g = 3*y - 23. What is the units digit of y?
5
Let d(b) = 0*b + 5 - b + 0. Let a be d(-4). Let v = a + -4. What is the units digit of v?
5
Suppose -2*n - 5 = 7. What is the units digit of 110/12 - (-1)/n?
9
Let s = -8 + 4. Let a(b) be the first derivative of -3*b**2/2 + 5*b - 2. What is the units digit of a(s)?
7
Suppose -i - 18 = -59. What is the units digit of i?
1
Suppose 3*d = -5*a - 144, -3*d - 4*a = 2*d + 240. Let l = -7 + 1. What is the units digit of (1/2)/(l/d)?
4
Let a(g) = -16*g**3 + 6*g**2 + 2*g + 5. Let b(v) = 47*v**3 - 17*v**2 - 6*v - 14. Let r(l) = 17*a(l) + 6*b(l). What is the units digit of r(1)?
9
Suppose -38 = -4*s + 4*i - 6, 0 = -s + 3*i + 18. Suppose s = j + 2*j. Let o = j - -1. What is the units digit of o?
2
Suppose 0 = 5*t + 2*a + 13, -3*t - 7 = a - 0*a. Let q(m) = -m. Let z(p) = -12*p + 1. Let s(i) = -4*q(i) + z(i). What is the units digit of s(t)?
9
Let c(a) = -a**3 - a**2 + 4*a - 1. Suppose 0 = -4*v - 5*x - 11, v + 3 = -3*x - 5. Let m(i) = -4*i + 1. Let q be m(v). What is the units digit of c(q)?
5
Let r = -10 - -7. What is the units digit of 7 + (4 + r)/1?
8
Suppose -2*v - 18 = -3*v. Let f = v - 8. What is the units digit of f?
0
Suppose 5*p = 5*y - 240, -4*p + 68 = 2*y + 2. What is the tens digit of y?
4
Let s = -12 + 26. What is the units digit of s?
4
Suppose -3*v = v - 52. What is the tens digit of v?
1
Suppose 2*h + 7 = 329. What is the tens digit of h?
6
Let x(y) = 6*y + 9. What is the tens digit of x(5)?
3
Suppose 0 = x + 30 - 84. What is the tens digit of x?
5
Let q be 2 + (-3 - (-2 - 3)). Suppose -4*w + 2*w - q*g + 16 = 0, 5*w + g - 40 = 0. What is the units digit of w?
8
Let d = 22 + -16. Suppose -2*n + d = r, 2 = r - 2*r. What is the units digit of n?
4
Suppose 3*c + 3*b + 4 = 13, 3*b - 19 = 2*c. Let s be 1/1 - (0 + 2). What is the units digit of (s - c) + 0 + 0?
1
Suppose -5 = -n - 2. Suppose 3 = n*j - 3. What is the units digit of j?
2
Let c(f) = -f + 3. Let s be c(6). Let h(l) be the second derivative of -l**4/12 - l**3 - 2*l**2 + l. What is the units digit of h(s)?
5
Let z = 191 + -64. What is the units digit of z?
7
Let i(n) = n**2 + 12*n - 2. What is the tens digit of i(-13)?
1
Let f be (0 + 3/(-6))*2. What is the tens digit of f*(-50)/(-6)*-3?
2
Let m(g) = g + 1. Let h be m(3). Suppose h*l = 3*l + 45. What is the tens digit of l?
4
Suppose 43 = 2*t - 75. What is the units digit of t?
9
Let w(l) = 4*l. Suppose 3*u = 6*u - 6. What is the units digit of w(u)?
8
Let j = -9 + 6. Let d = 11 - j. Suppose 0 = -5*t + 11 + d. What is the units digit of t?
5
Let c(h) = -h**3 - 6*h**2 + 5*h + 4. Let i be c(-6). What is the units digit of (4 - 1) + i/(-2)?
6
Suppose -j - 4*j = -155. Suppose 5*a - j = 14. What is the units digit of a?
9
Let d be ((-1)/2 - -2)*14. Let j = d + -12. Let v = 14 - j. What is the units digit of v?
5
Let a(u) = u**2 - 8. Let o(l) = l**2 - 9. Suppose 4*y + 28 = 4*q, -y + 0*q = 5*q + 1. Let p(d) = y*o(d) + 7*a(d). What is the units digit of p(3)?
7
Suppose 2*s + 13 = 5*a, -4*s + 4*a - 7*a = -39. Suppose -s*g = -2*g. What is the units digit of g/(0 - -3) + 1?
1
Suppose 20 = o + 3*o + 2*j, -j = -2. Suppose -2*b + 22 = 4*f, 4*f = -o*b + 3*f + 30. Suppose -3*n = -25 + b. What is the units digit of n?
6
Let h(m) = -m**3 + 5*m + 10. What is the units digit of h(-4)?
4
Suppose -4*c + 0*c - x = -199, -3*c + 156 = 3*x. What is the tens digit of c?
4
Let o(x) = x**3 - 4*x**2 + 4*x - 4. Let d be o(3). What is the units digit of (d/2)/((-2)/76)?
9
Suppose 0 = -3*s - 0*s. Let c be 1*2/(-4)*s. Suppose c = 4*y + 12 - 32. What is the units digit of y?
5
Let v = -16 + 80. What is the units digit of v?
4
Suppose -t + 53 + 30 = 4*b, 190 = 2*t + 2*b. What is the tens digit of t?
9
Let q = -6 + 5. Let x = 3 - q. Suppose 0 = m - x*m + 36. What is the units digit of m?
2
Let c = -5 - -5. Suppose c = -5*d - 3*s - s + 52, -3*d = 3*s - 30. What is the units digit of d?
2
Let p(t) = -10*t. Let s(i) = -4*i**3. Let l be s(1). What is the units digit of p(l)?
0
Let a(x) = 4*x - 11. Let f be a(-8). Let d = f + 62. What is the tens digit of d?
1
Let g = 5 + -7. What is the units digit of ((-27)/g)/(6/8)?
8
Let d(r) = 2*r - 3. Let y be d(4). Suppose -s - y*s = -228. What is the units digit of s?
8
Suppose 0*c - 48 = -3*c. Let q = -22 + c. What is the units digit of 20/q*(-3)/2?
5
Let x(p) = -14*p**2 - 3*p + 1. Let k be x(-3). Let c = k - -166. Suppose -c = -6*w + 3*w + t, -w + 2*t = -25. What is the tens digit of w?
1
What is the tens digit of 40/15*(-30)/(-4)?
2
Suppose 4*o = -6 - 14. Let w(d) = d - 5. Let c be w(11). Let f = o + c. What is the units digit of f?
1
Let j(i) = 43*i - 14. What is the tens digit of j(4)?
5
Let w(q) = 5*q + 2. Suppose 1 = -t, -t + 5 = 4*v - 10. What is the tens digit of w(v)?
2
Let c(u) = -u + 10. What is the units digit of c(7)?
3
Let y(p) be the first derivative of p**3/3 - 5*p**2/2 - 3*p - 1. What is the units digit of y(-3)?
1
Let i be (-4)/(-6) + (-320)/(-15). Suppose -2*p - 5 = -3*p - 3*z, -3*p - 2*z + i = 0. What is the units digit of p?
8
Suppose -5*o = 4*x + 5 - 17, 0 = -4*o. Let q(d) = -x*d + 1 - 2*d + d. What is the units digit of q(-1)?
5
Let z be ((-1)/1 - -3)*2. Suppose 5*u + 55 = 6*u. Suppose 0 = l - 2*s - 13, 0 = -4*l - z*s + u + 9. What is the tens digit of l?
1
Suppose 0 = 3*k - 3, 0 = -4*b + 4*k - 2*k + 242. What is the units digit of b?
1
Let s(y) = 2*y + 16. What is the tens digit of s(11)?
3
Let g(b) = -4*b**3 + 2*b**2 + 2*b + 3. Let z be g(-2). Suppose 0 = u + 2*u - z. What is the tens digit of u?
1
Suppose -5*k + 161 = -569. What is the hundreds digit of k?
1
Let p(k) = k**2 - 3*k - 6. Let r be p(5). Suppose 4*a = 2*s - 3 - 11, s = -r*a - 11. What is the tens digit of (-12)/(-16)*16/s?
1
What is the hundreds digit of (-262)/(-2) - ((1 - -1) + -2)?
1
Let g be 3/(3/2) - 4. Let q = g + 3. Let v(c) = 2*c + 1. What is the units digit of v(q)?
3
What is the units digit of 1/(-3)*(-23 + 2)?
7
Let j(z) = -3*z**3 + 6*z**2 + 7*z - 4. What is the tens digit of j(-3)?
1
Let n(g) = -15*g. Let p be